or of o and f.
4
Let i = -8 + 5. Let t be 1/(2/((-18)/i)). Let a be 6*(t/3 - -2). Calculate the greatest common factor of 45 and a.
9
Let o(y) = -y**2 + 10*y + 4. Let c be o(8). Calculate the greatest common divisor of c and 4.
4
Let c = -16 - -76. Let y = 4 + -1. Suppose 5*l - y*w - c = 0, 0 = -2*w + 6*w. Calculate the highest common factor of 96 and l.
12
Suppose 2 = -u - 3*n, 0*u + 2*u = -n + 11. Calculate the highest common divisor of 7 and u.
7
Let w(m) = m**3 + 6*m**2 + 2*m + 4. Let u be w(-3). What is the highest common divisor of 125 and u?
25
Let l(n) = 8*n + 2. Let s(g) = 2*g**2 - 2*g - 2. Let q be s(-1). Let d be l(q). Calculate the greatest common factor of 144 and d.
18
Let j be 2 + -1 + 10/(-5). Let c be (-3)/((-3)/64) + j. Calculate the highest common divisor of c and 7.
7
Suppose 2*i - 5*k = 49, 5*i + 2*k = i + 38. Calculate the highest common factor of 24 and i.
12
Suppose 7 = 3*t - 8. Suppose 0 = t*d - 8*d + 99. Calculate the highest common divisor of d and 11.
11
Suppose k = 213 - 20. Suppose -3*p + 260 = p - 4*s, 0 = 3*p + 2*s - 175. Let y = k - p. What is the greatest common divisor of 12 and y?
12
Let g(y) = -10*y - 1. Let u(w) = 7*w + 1. Let v(h) = 5*g(h) + 7*u(h). Let a be v(-4). Calculate the highest common divisor of a and 48.
6
Suppose y = 3*b - 13, 4*b - 7 = y + 9. What is the greatest common factor of 24 and b?
3
Let f be -50*((-2)/(-4))/(-1). Calculate the greatest common factor of 25 and f.
25
Let f be (21 - 3/1) + 3. Let m = -7 + f. Let q = -6 + 13. Calculate the highest common factor of m and q.
7
Suppose -9 = -3*m, n - 29 = 12*m - 17*m. Let c be -1 + 2 + 0 - -41. Calculate the highest common divisor of c and n.
14
Let r = 215 + -105. What is the highest common divisor of r and 10?
10
Suppose -5*n + 42 = -2*n. Suppose -3*u - 2*u = -1540. Suppose -3*r + u = -r. Calculate the greatest common divisor of r and n.
14
Suppose 4*y + 3*f - 177 = 0, y + 5*f + 17 - 40 = 0. What is the highest common divisor of 80 and y?
16
Let k be 69/15 + (-2)/(-5). Suppose 2*x - 29 + k = 0. What is the highest common divisor of 6 and x?
6
Suppose 3*w + a - 218 = 0, -2*a = 4*w + 99 - 393. Suppose 221 - w = 3*z. Suppose -3*r = -13 - z. What is the highest common factor of 3 and r?
3
Let y = -28 - -34. Calculate the highest common divisor of 36 and y.
6
Let p = 9 - 5. Suppose -161 = -5*j + p*k, 0*j - 4*k = 3*j - 71. What is the highest common divisor of j and 203?
29
Let q = 15 - 11. Suppose -3*o + 0*h = 3*h - 21, 0 = -2*h - q. Suppose l - 2*l + o = 0. What is the greatest common factor of l and 36?
9
Suppose 3*k - 6 = 0, 3*g = -2*g + 2*k + 1. Let a = 3 + g. Suppose -a*h - 300 = -9*h. Calculate the highest common factor of 12 and h.
12
Suppose -5*q + 191 = -2*m - 95, m = -5*q + 277. What is the highest common divisor of 7 and q?
7
Let i(z) = 2*z**3 - 20*z**2 + 5. Let o(v) = -v**3 + 10*v**2 - 2. Let h(r) = 4*i(r) + 7*o(r). Let u be h(10). What is the highest common factor of u and 54?
6
Let t = -1 + 22. Calculate the highest common divisor of t and 7.
7
Let u(i) = 3*i + 13. Let n be u(9). Let r(a) = a - 1. Let l be r(6). Calculate the greatest common factor of l and n.
5
Let h(r) = r**2 + 5*r + 4. Let n be h(-4). Suppose n*f + 2*f = -16. Let q be (-2)/f + (-251)/(-4). Calculate the highest common factor of q and 7.
7
Let i(l) = -l**3 + 9*l**2 + 11*l - 10. Let z be i(10). Suppose -2*y + 22 = u + 4, 2*y - 10 = z. Calculate the highest common factor of u and 4.
4
Let r be (-2)/6 - 302/(-6). Let t = 35 - 25. What is the highest common divisor of t and r?
10
Suppose -2*w + 19 = 5*l, 3*l + w + 0*w - 12 = 0. Suppose -2*g - p = -2, -3*g + l = 2*p - p. What is the greatest common factor of g and 12?
3
Suppose 13 = -l + 3*y, -4*l + 3*y - 2 = 5. Calculate the greatest common factor of l and 2.
2
Suppose 4 = 2*a - 3*a, a - 32 = -3*g. Suppose 2*t = -t - g. Let z = t + 16. Calculate the greatest common factor of z and 6.
6
Suppose -48 = -4*s + 48. Let q = s + -5. What is the greatest common factor of 57 and q?
19
Suppose 4*a - 297 - 67 = 0. What is the highest common divisor of a and 13?
13
Let o(j) = -j**2 - 10*j + 12. Let c be o(-10). Suppose -60 - c = -4*m. Calculate the greatest common divisor of m and 72.
18
Suppose 5*r = 4*s + 250, 0 = -0*r + 3*r - 4*s - 142. Suppose 2*w = r - 6. Suppose 3*a - w = -0*a. What is the greatest common divisor of a and 8?
8
Let i be 0*((-3)/2)/(-3). Let o be (-2 - -9) + -1 - i. What is the highest common divisor of 12 and o?
6
Let d(t) = t**2 + 4*t - 6. Let u be d(-6). Suppose -59 = -5*q + 1. What is the highest common divisor of u and q?
6
Suppose 4 + 1 = -k + 4*w, 2*k = -3*w + 1. Let j be ((-5)/(-3))/(k/(-3)). Let i = 3 - 2. Calculate the greatest common factor of i and j.
1
Let j = 4 + 6. Suppose 3*z - 12 = -5*m + 26, -4 = -2*z + 2*m. Let s = z + 44. What is the greatest common factor of s and j?
10
Let f be 8/3 + 2/(-3). Let c(z) = 2*z**2 - 3*z. Let b be c(f). Calculate the highest common factor of 3 and b.
1
Let q be (2 - (-2 + 2))*1. Suppose w + q*w - 27 = 0. Let r(n) = -n**3 + 8*n**2 + 5*n + 5. Let o be r(8). What is the highest common divisor of o and w?
9
Let m(r) = r - 1. Let o be m(4). Let k be 17 - o*2/2. Suppose -4*v = -16, z + v + 2*v = 110. Calculate the greatest common factor of k and z.
14
Let l be (2 + 1*-10)*-25. What is the highest common divisor of l and 80?
40
Suppose g = 5*g. Suppose g*f - f + 3 = 0. Suppose -y - f = -4*z, -z - 4 = -y + 5. What is the highest common divisor of 26 and y?
13
Let s be (-3 - -2)/((-1)/(-6)). Let c be s/(-1 - -4) - 1. Let m be c/(((-2)/3)/2). Calculate the greatest common divisor of m and 99.
9
Let c be 2*1/(-2) + 14. Suppose -2*u + 1 + 15 = 0. Suppose -u*h + 3*h = -65. Calculate the highest common divisor of h and c.
13
Suppose 0 = j + j - 44. Let d(h) = -h**3 - 3. Let c be d(0). Let m = c - -14. Calculate the highest common factor of m and j.
11
Let j be 3 + -3 - (-20)/1. Let q be (-27)/(-18)*8/3. Calculate the greatest common divisor of q and j.
4
Let t be ((20/(-15))/(-4))/(3/9). Calculate the highest common factor of t and 8.
1
Suppose 2 = 5*x - 8. Suppose 4*b + 3 = 15. Let k be (-49)/(-21) - (-2)/b. What is the greatest common divisor of x and k?
1
Suppose 2*x + 6*j = j + 140, -2*x + 5*j = -180. Let c(v) = 8*v - 32. Let g be c(6). What is the greatest common divisor of g and x?
16
Let z = 79 - 35. Let a be (z/(-8))/(2/(-44)). Calculate the greatest common divisor of a and 11.
11
Let w(r) = -r - 4. Let j be w(-6). Let t = 8 - 6. Suppose 3 = -t*k + 5. What is the greatest common divisor of j and k?
1
Suppose -11*s = -14*s + 648. Calculate the greatest common factor of 24 and s.
24
Suppose 0*f - 5 = 5*f. Let j be f + 11 - (-6)/3. What is the greatest common factor of 8 and j?
4
Let h = 258 - 89. Let k be h/3 - (-7)/(-21). Suppose -v = -d - 6, -5*v + 0*d - d + 36 = 0. What is the greatest common divisor of v and k?
7
Let j = 967 + -637. What is the highest common factor of j and 30?
30
Let q(x) = -x**3 + 14*x**2 - 6*x + 11. Let b be q(13). What is the highest common divisor of b and 6?
6
Let n(i) = i**2 + 1. Let b be n(-3). Calculate the greatest common factor of 80 and b.
10
Suppose 7*d - 2*d - 185 = 0. Let h = -21 + d. Let u(a) = a + 15. Let x be u(-7). Calculate the greatest common divisor of h and x.
8
Let s(m) = -m**2 + 29*m + 80. Let n be s(22). What is the highest common factor of n and 26?
26
Suppose -t = -1 - 11. Calculate the highest common factor of 108 and t.
12
Suppose o = 2*o - 2. Let a(b) = -5 - 4*b - o*b - b**2 + 0*b. Let u be a(-4). Calculate the greatest common divisor of 24 and u.
3
Let o be (-1)/(-5) - 52/10. Let j be (-146)/(-8) + o/20. Calculate the highest common factor of 9 and j.
9
Suppose 5*f - 2 - 6 = -2*u, u = f + 11. Let i = 12 - u. Calculate the highest common divisor of i and 15.
3
Let y = 85 - 83. Let v = 62 - 40. Suppose y*n - n = -2*h + 23, 0 = -2*n + 4*h + v. What is the highest common divisor of 136 and n?
17
Suppose 0 = -2*f - 2*f + 44. Let p be 2*((-5)/30*-213 - -3). Calculate the greatest common factor of f and p.
11
Let z be ((-18)/5)/(18/(-60)). Let s be 16/z*81/6. What is the greatest common divisor of 18 and s?
18
Let g = 0 - -5. Suppose 4*a - 12 = a. Suppose -a*d = -0*s + g*s - 72, -4*s = -d + 18. Calculate the greate